?
3
Let u be 33/15 - 1/5. Suppose 3*t - 6*t - 3*l = -36, 4*t - l = 53. Let m = t + -7. What is the highest common divisor of m and u?
2
Suppose 5*l - 200 = l. Let j = l + -35. What is the highest common factor of 75 and j?
15
Let u be 4/(-16) + 106/8. What is the greatest common divisor of 91 and u?
13
Let s(y) be the first derivative of 2*y**3/3 - 4*y - 10. Let o be s(3). Calculate the greatest common factor of o and 28.
14
Suppose 7*u = 3*u + 108. Calculate the highest common divisor of 243 and u.
27
Let r = 94 + 10. What is the highest common divisor of 26 and r?
26
Suppose 6*v = -9*v + 900. What is the highest common divisor of v and 24?
12
Let a be 4/10 + 943/5. Suppose -f + a = 19. Calculate the greatest common divisor of f and 17.
17
Let g(h) = 7*h**2 + 4*h - 1. Let t be g(-3). Let z be (-63)/(-6) + (-4)/8. Calculate the highest common divisor of z and t.
10
Let c = 9 + -1. Suppose -3*u + 13 = 4*y, u + 4*y + c = 5*u. Let g(j) = 6*j. Let l be g(4). Calculate the highest common divisor of u and l.
3
Let g = 6 - 9. Let p(z) = -z**3 + 2*z**2 + 3*z + 1. Let j be p(g). Suppose 13 = -4*c + j. What is the greatest common divisor of c and 66?
6
Let p(q) = -2*q**3 - 4*q**2 - q + 2. Let r be p(-2). Let a(g) = -3*g - 8. Let f be a(-6). Let z be (18/5)/(3/f). What is the highest common factor of r and z?
4
Let j be 15/(-5) - (0 + 0). Let v = 1 - j. Let d be (-6)/v - (-63)/2. What is the highest common factor of 12 and d?
6
Let o = -84 + 122. Calculate the greatest common factor of 38 and o.
38
Let f(o) = -o + 11. Let t be f(9). Suppose -16 = -3*l + t*l. Calculate the highest common divisor of 64 and l.
16
Suppose 0 = 3*t - 63 - 21. What is the highest common divisor of t and 28?
28
Suppose 0 = -4*x + 2*x. Let h = x - -10. Suppose -22 = -2*u - 4*m, -4 = 5*m + 6. What is the highest common factor of u and h?
5
Suppose 5*f - 38 = 422. Suppose -2*l = x - 48, 3*l - f = -x - x. What is the highest common divisor of 8 and x?
8
Let j = -43 - -103. Let z(x) = -4*x + 3. Let l be z(-3). Calculate the greatest common divisor of l and j.
15
Suppose 2*i + 3*i = -5*p + 110, -28 = -p + 2*i. What is the highest common divisor of p and 8?
8
Let g be (-39)/(-6)*8*1. Suppose 2*k + 4*t - 80 = 0, -3*t + 4*t = k - g. Let y = 20 + -4. Calculate the highest common divisor of y and k.
16
Let r be (-4)/(-22) - 424/(-88). Calculate the highest common divisor of r and 55.
5
Let a be (-124)/(-5) + (-3)/(-15). Let b be 10/3*(-6)/(-4). What is the highest common divisor of b and a?
5
Let w = 61 + -41. Calculate the highest common factor of 50 and w.
10
Let z be (-45)/(-2)*8/3. Let r(s) = s**2 + 2*s + 4. Let w be r(-6). Let o = w + -16. What is the greatest common factor of o and z?
12
Let a = 34 + -22. What is the greatest common factor of 6 and a?
6
Let c(b) = 46*b. Let d be c(2). Let s = d - 57. Suppose 37 = 5*x + 3*n, 3*x + 2*n - 24 + 1 = 0. What is the highest common divisor of x and s?
5
Suppose -2*j + 14 + 14 = 0. What is the greatest common divisor of j and 7?
7
Let f be 12/1 - (6 - 3). Calculate the greatest common factor of 27 and f.
9
Suppose -3*v = -l + 6 - 1, 2*v + 5 = l. Suppose v*d = -2*d + 10. Calculate the highest common divisor of d and 5.
5
Let b be 2 + 1/((-28)/30 + 1). What is the greatest common factor of 68 and b?
17
Let k(z) = -z**3 + z**2 - z + 10. Let w be k(0). Calculate the highest common divisor of 40 and w.
10
Suppose -11*q + 36 = -8*q. What is the greatest common divisor of q and 108?
12
Let i = 61 + -34. Let t be (3 + -2 + -4)/(15/(-45)). Calculate the greatest common factor of i and t.
9
Suppose 3*k - 12 = 3*x, -2*x - x + 16 = 4*k. Suppose 0*a - 88 = -k*a. Let o = a + -2. Calculate the highest common factor of 50 and o.
10
Let l(w) = 7*w - 17. Let x be l(11). Suppose -3*b + 12 = -2*b. What is the greatest common divisor of x and b?
12
Let u = -15 - -41. What is the greatest common divisor of 13 and u?
13
Suppose -4*k + 2*k = -22. Calculate the highest common divisor of 44 and k.
11
Suppose z - 5 = 5*n - 57, -58 = z + n. Let b = z - -108. Calculate the highest common divisor of 17 and b.
17
Let n be ((-108)/(-20) - (-9)/15)/1. Let i(o) = o**3 - 7*o**2 + o + 8. Let c be i(7). What is the highest common divisor of c and n?
3
Suppose 3*n - 3 = 3*y, 2*n = 3*y + 2 - 3. Let w = 115 - 79. Calculate the highest common factor of n and w.
4
Let u = -18 + 44. Calculate the greatest common factor of 208 and u.
26
Let t(q) = -3*q**3 - 6*q**2 - 4*q + 4. Let v be t(-2). What is the greatest common divisor of 192 and v?
12
Suppose -5*b = 3*u - 10, -2 = u - b - 8. Let q = -30 + -3. Let f = -8 - q. Calculate the highest common factor of f and u.
5
Let f be 6/27 + (-382)/18. Let h be 99/2*(-14)/f. What is the highest common divisor of h and 33?
33
Let w = 42 + -63. Let u be w/(-15) + (-6)/(-10). Let m be (30/(-3))/(2/(-4)). Calculate the highest common divisor of u and m.
2
Suppose -4*o + 0*g + 15 = -5*g, -3*o = -g - 25. Suppose -4*v - v = -c - 347, -5*v + 5*c = -335. Calculate the greatest common divisor of v and o.
10
Suppose 5*j - 4*w - 84 = 0, 2*w + w - 72 = -3*j. What is the highest common factor of j and 140?
20
Suppose -28 = d - 5*d - 4*q, 2*q = 5*d - 28. Calculate the greatest common divisor of d and 66.
6
Suppose 7*x = 122 + 67. What is the greatest common factor of x and 63?
9
Let d(t) = -t**2 + 14*t - 12. Let w be d(13). Let y be (-2)/(-6) - (-10)/6. What is the greatest common factor of w and y?
1
Suppose -h + 1 - 22 = -5*x, -3*x + 3*h = -15. Let f be ((-3)/x)/((-12)/720). What is the greatest common factor of f and 5?
5
Let r = 174 - 112. Suppose -2 + r = b. Calculate the greatest common divisor of b and 20.
20
Suppose 0 = -4*p + 2*p + 4. Suppose p*c - 528 = -2*c. Calculate the highest common factor of 12 and c.
12
Let d = -13 + 123. Let r(f) = 6*f - 8. Let a be r(5). Calculate the greatest common divisor of a and d.
22
Suppose -5*u - 220 = -2*t - 0*u, 3*t + u = 313. Let x = t + -25. What is the greatest common factor of x and 8?
8
Let r(f) = f**3 - 4 - 3*f**2 + 8 + 0*f**3. Let h be r(4). Suppose -5*s = 2*j + 2*j - 20, 0 = 3*j. Calculate the highest common divisor of s and h.
4
Let q be (12/7)/(4/42). What is the greatest common divisor of q and 45?
9
Let z(m) = -8*m**3 - 2*m**2 - m + 2. Let j be z(-2). Calculate the greatest common divisor of j and 150.
30
Let s be (-34)/(-8)*4 - 3. What is the greatest common divisor of 2 and s?
2
Let x = -611 + 1045. Calculate the greatest common factor of 62 and x.
62
Let p = 3 - 0. Suppose 0 = -2*m - 3*m + 220. Suppose 3*l + j - m = 0, -3*l + p*j + 44 = -l. Calculate the highest common factor of l and 40.
8
Suppose 153 = 2*f - 0*f - 3*l, 2*l + 242 = 3*f. What is the greatest common divisor of 28 and f?
28
Suppose -4*h - 152 = -4*u, -u = 2*h - 0*h - 38. What is the highest common divisor of 57 and u?
19
Let n be 309/6 - (2/(-4) - -2). What is the greatest common factor of 75 and n?
25
Suppose -2*t - 11 = -25. Calculate the highest common divisor of t and 77.
7
Suppose 1 = 5*h - 9. What is the highest common divisor of 14 and h?
2
Let w be 4/10 - (-546)/10. Let f(d) = -2*d**3 + 12*d**2 + 2*d - 7. Let c be f(6). What is the highest common factor of w and c?
5
Let g be 745/15 - 2/3. Calculate the greatest common divisor of 7 and g.
7
Let y be 45/(-10)*56/(-6). What is the greatest common factor of y and 14?
14
Let g(h) = -h**2 + 9*h - 2. Let l = 1 + 6. Let r be g(l). Let z be 62 + (-2 - -6)/(-2). What is the greatest common factor of r and z?
12
Suppose 0 = 12*n - 24*n + 168. What is the greatest common divisor of n and 112?
14
Suppose -5*a = 5*v - 43 - 32, -4*a + 3*v = -46. Suppose 281 = 4*d - 291. Calculate the highest common divisor of d and a.
13
Suppose 1 + 24 = 5*q. Let d = 4 + q. Calculate the greatest common factor of d and 18.
9
Suppose 2*d - 3*i = -9 - 0, -26 = -2*d - 4*i. Suppose m + d*m = 480. Calculate the highest common factor of m and 48.
24
Let c(z) = z**2 + 30. Let w be 2 + -3 + (-44)/(-4). Let d be (-2)/10 + 2/w. Let l be c(d). Calculate the greatest common factor of 15 and l.
15
Let k be -10*(-2*2)/2. What is the greatest common factor of 100 and k?
20
Let l be (-6)/(-4) + (-1)/(-2). Suppose l*q = 7*q - 75. Let r be 163 - (1 + -3 + 0). Calculate the highest common factor of r and q.
15
Let p = 11 -